+ 1. Calculate z(k).
1
Let a(l) = -l + l - 6*l - l**2 - 4*l - 4 + 4*l. Let h(s) = s**2 + 4*s - 1. Let z be h(-3). Determine a(z).
4
Let l = 10 + -8. Let p(r) = 2 + 3*r**3 + 3*r**2 - 2*r**3 + 3*r - l*r**3. Let c be p(4). Let x(t) = -3*t + 2. What is x(c)?
8
Let n(j) = -j**2 - 12*j - 7. Let f(p) = -p**2 + 8*p + 11. Let i be f(-2). What is n(i)?
20
Let f(c) = 2*c**2 + 1. Suppose -3 = -t, 3*j - 7*t = -11*t + 27. Give f(j).
51
Let l(p) = -p. Let d(a) = a - 1. Let h(s) = d(s) + 6*l(s). Suppose 3*z = 5 + 7. Suppose z = -x - 3*x. Determine h(x).
4
Let k be (1 - 0)*(0 - 4). Suppose -2*z - 8 = 4*u, -3*z + 5*u + 4 = -17. Let i(c) = 5 - c**2 - 2 - 3*c**2 - c**3 + z. Calculate i(k).
5
Let i(u) = -u - 7. Let j(t) = -5*t - 30. Let h be j(-7). Suppose -h*l = -8*l. Calculate i(l).
-7
Let u = 1822 + -1817. Let s(l) = l**2 - 2 + l - 6*l - 2. What is s(u)?
-4
Let m(i) be the first derivative of -i**4/4 + 2*i**3/3 + 4*i**2 - 4*i - 557. Give m(4).
-4
Let r(h) = -h**3 + 9*h**2 + 4*h - 10. Suppose -3 = 5*m - 2*m + 6*o, -17 = -3*m - 2*o. Give r(m).
26
Let x(r) = 106*r**3 + 0*r**2 - 1 + 0*r**2 - 52*r**3 - 55*r**3 - 2*r**2. Calculate x(-3).
8
Let k(x) = -x - 12. Let o be k(-6). Let j(n) be the second derivative of -n**4/12 - n**3 + 7*n**2/2 - 2*n. Calculate j(o).
7
Let j(d) = -2*d. Let u(y) be the third derivative of 0 + 2*y**2 + 0*y - 1/24*y**4 - 1/3*y**3. Let l be u(-6). Determine j(l).
-8
Let a be (-246)/(-18) + -4 - 2/3. Let d(j) = j**2 - 7*j - 17. Calculate d(a).
1
Let c(o) = o**3 - 2*o**2 - 5*o - 1. Suppose 25*n + 4 = 26*n. Calculate c(n).
11
Let q be (-1 + (4 - 1))*-1*1. Let a(n) = 2 + 2*n + 7*n - 5*n + 4*n**2. Calculate a(q).
10
Let d(v) = -6*v + 1. Suppose 234 = -11*n + 267. Determine d(n).
-17
Let p(w) = -w**2 - w - 1. Let n(y) = -2*y**3 + y**2 + 2*y + 5. Let k = -14 - -10. Let l(j) = k*p(j) - n(j). Let z = 4 - 6. Calculate l(z).
-9
Let p(l) = l**3 + l**2 - l - 1. Let g(i) = -3*i**3 + 4*i**2 + 7*i - 8. Let q(b) = -g(b) - 2*p(b). Calculate q(7).
24
Let y(z) = -z**3 - 6*z**2 + 18*z - 12. Let q be y(2). Let a(t) = -t**3 - 7*t**2 + 8*t + 9. Give a(q).
9
Let m(y) = 12*y + 6 + 3*y**2 - 7 - 38*y + 13*y + 9*y. Calculate m(3).
14
Let n = -9 - -13. Suppose 4*k + 2*d - 6*d = 4, -2*k + 4*d = -n. Let m(w) be the third derivative of w**5/60 + w**4/24 - w**3/2 - w**2. What is m(k)?
-3
Suppose 35*v = 17*v. Let o(k) be the second derivative of -5*k + 7/6*k**3 + k**2 + v. What is o(-2)?
-12
Let o(b) = -4*b - b + 4*b - 4. Let a be o(-7). Let g(k) = -7*k**2 - 9*k - 2. Let w(x) = 5*x**2 + 7*x + 2. Let h(y) = -3*g(y) - 4*w(y). Determine h(a).
4
Let g(y) = y - 9. Let r(u) = u**2 + 5*u - 10. Let v be r(-7). Determine g(v).
-5
Let n(y) be the second derivative of 2*y**3/3 - y**2/2 + 30*y - 7. Determine n(-5).
-21
Let h(u) be the third derivative of -u**6/120 + u**5/10 - u**4/3 + u**3/2 + 198*u**2. Calculate h(5).
-12
Let i(x) = x**3 + 4*x**2 + 8*x + 12. Let w be i(-2). Suppose -35 = w*d + d. Let k(n) = n**2 + 9*n + 8. Determine k(d).
-6
Let z(y) = 2*y**2 - y - 1. Let l(n) = 39*n - 315. Let b be l(8). What is z(b)?
20
Suppose 19*x - 27*x = -104. Let t(f) = -3*f**2 + 21*f - 12*f - x*f + 3 + 0*f**2. Determine t(2).
-17
Let o(q) = -1 - 5 + 0 - 3*q. Let r(s) = -46*s + 2*s**2 - 50*s - 30 + 104*s. Let t be r(-6). Calculate o(t).
12
Let x = 2775 - 2769. Let o(c) = -c**2 - 5*c + 2. What is o(x)?
-64
Let m(c) = -3 - c**2 - 9*c + 0*c**2 - 5. Let n(o) = -39*o - 126. Let r be n(-3). Calculate m(r).
-8
Suppose a + l = -4*a, 3*a = -4*l. Let f be 2 + (0 - a) - -1. Let s(x) = x**2 - 11*x**3 + 3*x + 12*x**f - 8 - 2*x. Calculate s(0).
-8
Let n(c) be the third derivative of 0*c - 15*c**2 + 1/24*c**4 + 0 + 1/6*c**3. Give n(-5).
-4
Suppose 17*z = 39 + 80. Let d(o) = -o + 12. What is d(z)?
5
Let r(g) = -g - 3. Let j be r(-1). Let l be -4 + (4 - 1) + j. Let y = 0 - l. Let p(x) = -x**2 + 2*x - 1. Determine p(y).
-4
Let g(j) be the first derivative of -39 + 3*j**2 + 1/3*j**3 + 3*j. Give g(-5).
-2
Let v(k) = -k**2 + 2*k - 2. Let m(l) = l**3 + 4*l**2 + l - 1. Let b be m(-3). Suppose 3*p + b = 4*p. Suppose p*y + j = 4 + 15, -4*y = 5*j - 32. What is v(y)?
-5
Let r be 0/5 + -4 + 30/(-5). Let k(g) = g - 1. Calculate k(r).
-11
Let j(y) = -y**2 - 9*y + 5. Let o(u) be the second derivative of u**4/4 + 3*u**3 - 11*u**2/2 - 13*u. Let l(t) = 5*j(t) + 2*o(t). What is l(6)?
-15
Suppose -12 = -f - 0. Suppose 7*z = -4*v + 3*z + 8, 5*v + 3*z = f. Let i(o) = 3*o**3 - 4*o**3 - o - 3 + 6*o**2 + v*o. What is i(6)?
9
Let z(d) be the second derivative of 1/2*d**2 - 7*d + 0 + 1/4*d**4 - 1/3*d**3. Calculate z(2).
9
Let k(t) = 7*t**3 + 11*t**2 - 2*t + 2. Let r(s) = 5*s**3 + 9*s**2 - 3*s + 4. Let w(p) = -2*k(p) + 3*r(p). Determine w(-6).
2
Let j(u) = u - 2. Let y be ((-20)/(-22))/(-5) - (-732)/33. Let i = 26 - y. Calculate j(i).
2
Let c(g) be the third derivative of -7*g**2 + 0*g - 1/6*g**3 + 1/3*g**4 + 0 + 1/30*g**5. What is c(-6)?
23
Let c = 432 - 451. Let j(y) = y**2 + 18*y - 16. What is j(c)?
3
Let u(s) = 5*s**2 + 5 + 4*s**2 + 3*s**2 - 6*s**2 - s**3 - 7*s. Let b(r) be the second derivative of -r**3/2 - 35*r**2/2 + 9*r. Let g be b(-13). Give u(g).
9
Let h be (2/(-6))/(110/(-1320)). Let f(t) be the second derivative of t**2 - 1/3*t**3 + 1/12*t**4 + 0 + h*t. Determine f(4).
10
Let z(p) = p**3 + 3*p**2 + 1. Let b be -2 + 1 + 4 + -1. Suppose 14 = -2*c - 2*n, b*n = -7*c + 2*c - 26. What is z(c)?
-15
Suppose -17*u + 10*u = -28. Let t be (0 - -10 - 8) + u/(-1). Let m(x) = -3*x**2. Give m(t).
-12
Let a = -240 - -240. Let j(v) be the second derivative of -v**3 + a + 1/20*v**5 - 2*v - 3*v**2 + 5/12*v**4. Determine j(-6).
-6
Let s(p) be the third derivative of -p**5/60 - 3*p**4/8 + 13*p**3/6 + p**2 - 166. Suppose 0*b + 2*b = -20. What is s(b)?
3
Suppose -5*r + 17 + 8 = 0. Let h(o) = -23 - r*o - 18 + 38 + o**2. Calculate h(5).
-3
Let y(l) = l**3 + 9*l**2 + 9. Let r be y(-9). Suppose 0*q - 4*q = 0. Suppose -3*g + r = -q. Let h(o) = o. Give h(g).
3
Let i(r) = 3*r. Let q(n) = 18 + 17 - 55 + 21. Let o = 5 - 4. Let h(v) = o*i(v) + q(v). Calculate h(-1).
-2
Let d be (11 - 105) + 0 + 4/2. Let c = 84 + d. Let g(f) = -f**3 - 8*f**2 + f + 5. Determine g(c).
-3
Let j be (-1)/(11/(6 + -17)). Let g(n) = -23*n**3 - n**2 + 2*n - 1. What is g(j)?
-23
Let s(c) be the third derivative of c**6/720 - c**5/30 - c**4/12 - 3*c**3 - 34*c**2. Let l(v) be the second derivative of s(v). Determine l(3).
-1
Let a(u) = -u**3 - 4*u**2 + 2*u + 3. Let n = 5 + -4. Let q(g) = 1. Let k(f) = n*a(f) + 2*q(f). Calculate k(-4).
-3
Suppose -19*d + 33*d = 0. Let w(y) = -y**3 - 11. Calculate w(d).
-11
Suppose 4 - 12 = -h. Let v = h + -1. Let y(f) = -3 - 5 + 3*f - 9*f**3 - 5*f + 4*f + 10*f**3 - 7*f**2. What is y(v)?
6
Let q(d) be the first derivative of 3*d**2 + 28*d + 163. Calculate q(-6).
-8
Suppose 5*o + 8 = -0*o + 4*x, 3*x = -4*o - 25. Let s(m) = -2*m**2 - 8*m. Let b be s(o). Let t(d) = d - 15. Calculate t(b).
-15
Let l(r) = r**3 - 3*r**2 - 5*r + 1. Let c be (25 - 27) + 3*2. Give l(c).
-3
Let l = -21 - -23. Suppose 25 = l*i + 3*p, -i + 9 + 9 = -4*p. Suppose -3*y + 6 = 4*r - 5, -r = 3*y - i. Let w(k) = 4*k - 1. Calculate w(r).
-5
Let v(p) = p**2 - 2. Let a be v(-3). Suppose -2*w = -a*w + 25. Let i(h) = h**3 - 5*h**2 + h + 1. Calculate i(w).
6
Let w(l) be the first derivative of -2*l**2 - l + 61. Calculate w(-5).
19
Let a be (6 - (-3 - -10)) + -4. Let i(h) = h + 7. Calculate i(a).
2
Let m(l) = -l**2 + 7*l - 7. Let p(d) = 5*d**3 - 3*d**2 + 2*d. Let a be p(1). Let j(c) = -3*c + 17. Let u be j(a). Calculate m(u).
3
Suppose 0 = f + f - 2. Let y be 29/(-174) + 62/12. Let l(n) = -3*n + 6. Let o(m) = 2*m - 5. Let x(q) = y*o(q) + 4*l(q). Give x(f).
-3
Let b(i) = i**3 - 4*i**2 + 4*i - 6. Let j be (-2)/(((-2)/2)/1). Let m be (-6)/(j/(-15)*3). Let t = -11 + m. What is b(t)?
10
Let x(p) = p**3 + 6*p**2 - 2. Let j be (1*4)/((-18)/9)*3. Calculate x(j).
-2
Let y(p) = -8*p**2 + 7. Let l(k) = -k + 0*k**2 + 2*k - 3*k**2 - 1 + 4*k**2. Let n(w) = 6*l(w) + y(w). Give n(5).
-19
Let o(h) = -7*h - 2. Let d be o(-2). Suppose y + 6 = -4*b + 20, 2*b - d = 2*y. Let u(f) be the first derivative of -f**2/2 + 6*f + 9. Determine u(b).
2
Suppose -n - 3 = -8. Let w = 5 + -4. Let v(t) = 2*t**2 - 5*t**2 - 4*t + w + n*t. Give v(2).
-9
Suppose 9*g - 2*g + 469 = 0. Let m = g + 64. Let a(y) = y + 1. Determine a(m).
-2
Le